{"id":5533,"date":"2024-12-15T16:59:28","date_gmt":"2024-12-15T16:59:28","guid":{"rendered":"https:\/\/cartouche.ci\/?post_type=product&#038;p=5533"},"modified":"2025-01-15T15:37:53","modified_gmt":"2025-01-15T15:37:53","slug":"encre-hp-933-couleurs","status":"publish","type":"product","link":"https:\/\/cartouche.ci\/index.php\/product\/encre-hp-933-couleurs\/","title":{"rendered":"Encre HP 933 Couleurs"},"content":{"rendered":"<ul>\n<li>Les cartouches HP 933XL offrent une qualit\u00e9 d&#8217;impression \u00e9prouv\u00e9e pour de gros volumes.<\/li>\n<li>Compatibles avec : HP OfficeJet 7110, 7610.<\/li>\n<li>3 couleur (env. 825 pages).<\/li>\n<li>Les encres HP authentiques minimisent le gaspillage et r\u00e9duisent les co\u00fbts.<\/li>\n<li>Documents de haute qualit\u00e9 avec un texte noir et des couleurs vives.<\/li>\n<li>Impression professionnelle \u00e0 faible co\u00fbt par page avec cartouches grande capacit\u00e9.<\/li>\n<li>Utilisez des cartouches HP pour r\u00e9duire votre impact environnemental.<\/li>\n<li>Id\u00e9al pour les petites entreprises et les bureaux \u00e0 domicile avec des besoins d&#8217;impression \u00e9lev\u00e9s.<\/li>\n<li>D\u00e9pend des cartouches HP 933XL pour de gros volumes d&#8217;impression.<\/li>\n<li>Contenu : 1 cartouche.<\/li>\n<\/ul>\n","protected":false},"excerpt":{"rendered":"<ul>\n<li>HP 933XL cartouche d&#8217;encre grande capacit\u00e9 authentique.<\/li>\n<li>Type de cartouche d&#8217;encre: Rendement \u00e9lev\u00e9 (XL),<\/li>\n<li>Type d\u2019encre de couleur: Encre \u00e0 pigments,<\/li>\n<li>Rendement par page d&#8217;encre de couleur: 825 pages,<\/li>\n<li>Volume d&#8217;encre de couleur: 9 ml,<\/li>\n<li>Quantit\u00e9: 1 pi\u00e8ce(s)<\/li>\n<\/ul>\n","protected":false},"featured_media":5530,"template":"","meta":{"_acf_changed":false},"product_cat":[234],"product_tag":[244],"class_list":{"0":"post-5533","1":"product","2":"type-product","3":"status-publish","4":"has-post-thumbnail","6":"product_cat-jet-dencre-hp","7":"product_tag-encre-hp","9":"first","10":"instock","11":"taxable","12":"shipping-taxable","13":"purchasable","14":"product-type-simple"},"acf":[],"_links":{"self":[{"href":"https:\/\/cartouche.ci\/index.php\/wp-json\/wp\/v2\/product\/5533","targetHints":{"allow":["GET"]}}],"collection":[{"href":"https:\/\/cartouche.ci\/index.php\/wp-json\/wp\/v2\/product"}],"about":[{"href":"https:\/\/cartouche.ci\/index.php\/wp-json\/wp\/v2\/types\/product"}],"wp:featuredmedia":[{"embeddable":true,"href":"https:\/\/cartouche.ci\/index.php\/wp-json\/wp\/v2\/media\/5530"}],"wp:attachment":[{"href":"https:\/\/cartouche.ci\/index.php\/wp-json\/wp\/v2\/media?parent=5533"}],"wp:term":[{"taxonomy":"product_cat","embeddable":true,"href":"https:\/\/cartouche.ci\/index.php\/wp-json\/wp\/v2\/product_cat?post=5533"},{"taxonomy":"product_tag","embeddable":true,"href":"https:\/\/cartouche.ci\/index.php\/wp-json\/wp\/v2\/product_tag?post=5533"}],"curies":[{"name":"wp","href":"https:\/\/api.w.org\/{rel}","templated":true}]}}