{"id":5706,"date":"2025-04-12T06:51:34","date_gmt":"2025-04-12T06:51:34","guid":{"rendered":"https:\/\/cartouche.ci\/?post_type=product&#038;p=5706"},"modified":"2025-04-14T15:41:19","modified_gmt":"2025-04-14T15:41:19","slug":"imprimante-canon-pixma-g-3430-jet-dencre","status":"publish","type":"product","link":"https:\/\/cartouche.ci\/index.php\/product\/imprimante-canon-pixma-g-3430-jet-dencre\/","title":{"rendered":"Canon PIXMA G-3430 Jet d&#8217;encre"},"content":{"rendered":"<p><a href=\"https:\/\/cartouche.ci\/?attachment_id=5707\" rel=\"attachment wp-att-5707\"><img fetchpriority=\"high\" decoding=\"async\" class=\"aligncenter size-full wp-image-5707\" src=\"https:\/\/cartouche.ci\/wp-content\/uploads\/2025\/04\/pixma-g3430_wit.webp\" alt=\"\" width=\"800\" height=\"450\" srcset=\"https:\/\/cartouche.ci\/wp-content\/uploads\/2025\/04\/pixma-g3430_wit.webp 800w, https:\/\/cartouche.ci\/wp-content\/uploads\/2025\/04\/pixma-g3430_wit-300x169.webp 300w, https:\/\/cartouche.ci\/wp-content\/uploads\/2025\/04\/pixma-g3430_wit-768x432.webp 768w, https:\/\/cartouche.ci\/wp-content\/uploads\/2025\/04\/pixma-g3430_wit-600x338.webp 600w\" sizes=\"(max-width: 800px) 100vw, 800px\" \/><\/a>D\u00e9couvrez l&#8217;imprimante multifonction Canon PIXMA G3430, un produit phare de Canon qui allie performance et efficacit\u00e9. Gr\u00e2ce \u00e0 sa technologie d&#8217;impression \u00e0 jet d&#8217;encre, cette imprimante vous permet de r\u00e9aliser des impressions en couleur d&#8217;une qualit\u00e9 exceptionnelle, avec une r\u00e9solution maximale de 4800 x 1200 DPI. Que ce soit pour des documents professionnels ou des photos, la PIXMA G3430 r\u00e9pond \u00e0 tous vos besoins d&#8217;impression.<\/p>\n<p>En plus de ses capacit\u00e9s d&#8217;impression, la Canon PIXMA G3430 offre \u00e9galement des fonctionnalit\u00e9s de copie et de num\u00e9risation en couleur, avec une r\u00e9solution optique de 600 x 1200 DPI. Cette imprimante est con\u00e7ue pour faciliter votre travail quotidien, gr\u00e2ce \u00e0 sa fonction duplex qui permet d&#8217;imprimer des deux c\u00f4t\u00e9s du papier, vous aidant ainsi \u00e0 \u00e9conomiser du papier et \u00e0 r\u00e9duire les co\u00fbts. Le format maximal de papier pris en charge est le A4, ce qui la rend id\u00e9ale pour une utilisation \u00e0 domicile ou au bureau.<\/p>\n<p>Connectez facilement votre imprimante \u00e0 votre r\u00e9seau gr\u00e2ce \u00e0 la fonctionnalit\u00e9 Wi-Fi, vous permettant d&#8217;imprimer sans fil depuis vos appareils mobiles ou ordinateurs. Avec son design \u00e9l\u00e9gant en noir, la Canon PIXMA G3430 s&#8217;int\u00e8gre parfaitement dans tout environnement de travail. Optez pour cette imprimante fiable et performante, qui se distingue par sa capacit\u00e9 \u00e0 offrir des impressions de haute qualit\u00e9 tout en \u00e9tant \u00e9conomique gr\u00e2ce \u00e0 son syst\u00e8me de r\u00e9servoir d&#8217;encre.<\/p>\n","protected":false},"excerpt":{"rendered":"<p><strong>Connectivit\u00e9s<\/strong>: WIFI et port USB type-B<br \/>\n<strong>Impression avec smartphone<\/strong><br \/>\n<strong>Impression\/Num\u00e9risation<\/strong>:<\/p>\n<ul>\n<li style=\"list-style-type: none;\">\n<li>impression couleur\/Noir<\/li>\n<li>vitesse impression couleur: 11 ipm<\/li>\n<li style=\"list-style-type: none;\">\n<li>vitesse d&#8217;impression noir: 6 ipm<\/li>\n<li style=\"list-style-type: none;\">\n<li>Num\u00e9risation plat<\/li>\n<li>format maximum papier: A4<\/li>\n<li style=\"list-style-type: none;\">\n<li>type de support du bac papier : enveloppes-papier photo-papier ordinaire<\/li>\n<\/ul>\n","protected":false},"featured_media":5711,"template":"","meta":{"_acf_changed":false},"product_cat":[230],"product_tag":[242],"class_list":{"0":"post-5706","1":"product","2":"type-product","3":"status-publish","4":"has-post-thumbnail","6":"product_cat-imprimantes-canon-jet-dencre","7":"product_tag-jet-dencre","9":"first","10":"instock","11":"taxable","12":"shipping-taxable","13":"product-type-simple"},"acf":[],"_links":{"self":[{"href":"https:\/\/cartouche.ci\/index.php\/wp-json\/wp\/v2\/product\/5706","targetHints":{"allow":["GET"]}}],"collection":[{"href":"https:\/\/cartouche.ci\/index.php\/wp-json\/wp\/v2\/product"}],"about":[{"href":"https:\/\/cartouche.ci\/index.php\/wp-json\/wp\/v2\/types\/product"}],"wp:featuredmedia":[{"embeddable":true,"href":"https:\/\/cartouche.ci\/index.php\/wp-json\/wp\/v2\/media\/5711"}],"wp:attachment":[{"href":"https:\/\/cartouche.ci\/index.php\/wp-json\/wp\/v2\/media?parent=5706"}],"wp:term":[{"taxonomy":"product_cat","embeddable":true,"href":"https:\/\/cartouche.ci\/index.php\/wp-json\/wp\/v2\/product_cat?post=5706"},{"taxonomy":"product_tag","embeddable":true,"href":"https:\/\/cartouche.ci\/index.php\/wp-json\/wp\/v2\/product_tag?post=5706"}],"curies":[{"name":"wp","href":"https:\/\/api.w.org\/{rel}","templated":true}]}}