{"id":5753,"date":"2025-04-14T10:15:25","date_gmt":"2025-04-14T10:15:25","guid":{"rendered":"https:\/\/cartouche.ci\/?post_type=product&#038;p=5753"},"modified":"2025-05-09T15:54:14","modified_gmt":"2025-05-09T15:54:14","slug":"canon-g-3410","status":"publish","type":"product","link":"https:\/\/cartouche.ci\/index.php\/product\/canon-g-3410\/","title":{"rendered":"Canon G-3410"},"content":{"rendered":"<h2 class=\"product-specification-detail__main-title canon-section-title--big canon-mb-xm\">Caract\u00e9ristiques d\u00e9taill\u00e9es<\/h2>\n<ul class=\"product-specification-detail__list canon-mb-xm\">\n<li class=\"product-specification-detail__list-line canon-mb-xxs\">\n<div class=\"product-specification-detail__list-key canon-paragraph--big\">Fonctions<\/div>\n<div class=\"product-specification-detail__value-wrapper\">\n<div class=\"product-specification-detail__list-value canon-paragraph--big\">Wi-Fi, impression, copie, num\u00e9risation, Cloud Link<\/div>\n<\/div>\n<\/li>\n<\/ul>\n<h3 class=\"product-specification-detail__sub-title canon-section-title--small canon-mb-s\">Caract\u00e9ristiques de l&#8217;imprimante<\/h3>\n<ul class=\"product-specification-detail__list canon-mb-xm\">\n<li class=\"product-specification-detail__list-line canon-mb-xxs\">\n<div class=\"product-specification-detail__list-key canon-paragraph--big\">R\u00e9solution d&#8217;impression<\/div>\n<div class=\"product-specification-detail__value-wrapper\">\n<div class=\"product-specification-detail__list-value canon-paragraph--big\">\n<p>Jusqu&#8217;\u00e0 4800\u00a0\u00d7\u00a01200\u00a0ppp<\/p>\n<\/div>\n<\/div>\n<\/li>\n<li class=\"product-specification-detail__list-line canon-mb-xxs\">\n<div class=\"product-specification-detail__list-key canon-paragraph--big\">Technologie d&#8217;impression<\/div>\n<div class=\"product-specification-detail__value-wrapper\">\n<div class=\"product-specification-detail__list-value canon-paragraph--big\">\n<p>2\u00a0cartouches FINE (noir et couleur)<br \/>\nImprimante \u00e0 r\u00e9servoirs d&#8217;encre rechargeables<\/p>\n<\/div>\n<\/div>\n<\/li>\n<li class=\"product-specification-detail__list-line canon-mb-xxs\">\n<div class=\"product-specification-detail__list-key canon-paragraph--big\">Vitesse d&#8217;impression en monochrome<\/div>\n<div class=\"product-specification-detail__value-wrapper\">\n<div class=\"product-specification-detail__list-value canon-paragraph--big\">\n<p>Env. 8,8\u00a0ipm<\/p>\n<\/div>\n<\/div>\n<\/li>\n<li class=\"product-specification-detail__list-line canon-mb-xxs\">\n<div class=\"product-specification-detail__list-key canon-paragraph--big\">Vitesse d&#8217;impression en couleur<\/div>\n<div class=\"product-specification-detail__value-wrapper\">\n<div class=\"product-specification-detail__list-value canon-paragraph--big\">\n<p>Env. 5\u00a0ipm<\/p>\n<\/div>\n<\/div>\n<\/li>\n<li class=\"product-specification-detail__list-line canon-mb-xxs\">\n<div class=\"product-specification-detail__list-key canon-paragraph--big\">Vitesse d&#8217;impression photo<\/div>\n<div class=\"product-specification-detail__value-wrapper\">\n<div class=\"product-specification-detail__list-value canon-paragraph--big\">\n<p>10\u00a0\u00d7\u00a015\u00a0cm sans bordure\u00a0: environ 60\u00a0secondes<\/p>\n<\/div>\n<\/div>\n<\/li>\n<li class=\"product-specification-detail__list-line canon-mb-xxs\">\n<div class=\"product-specification-detail__list-key canon-paragraph--big\">Impression sans bordure<\/div>\n<div class=\"product-specification-detail__value-wrapper\">\n<div class=\"product-specification-detail__list-value canon-paragraph--big\">\n<p>Oui (A4, Lettre, 20\u00a0\u00d7\u00a025\u00a0cm, 13\u00a0\u00d7\u00a018\u00a0cm, 13\u00a0\u00d7\u00a013\u00a0cm, 10\u00a0\u00d7\u00a015\u00a0cm)<\/p>\n<\/div>\n<\/div>\n<\/li>\n<\/ul>\n<h3 class=\"product-specification-detail__sub-title canon-section-title--small canon-mb-s\">Cartouches et autonomie<\/h3>\n<ul class=\"product-specification-detail__list canon-mb-xm\">\n<li class=\"product-specification-detail__list-line canon-mb-xxs\">\n<div class=\"product-specification-detail__list-key canon-paragraph--big\">Cartouches d&#8217;encre standard<\/div>\n<div class=\"product-specification-detail__value-wrapper\">\n<div class=\"product-specification-detail__list-value canon-paragraph--big\">\n<p>GI-490 &lt;PGBK&gt;<br \/>\nGI-490 &lt;C&gt;<br \/>\nGI-490 &lt;M&gt;<br \/>\nGI-490 &lt;Y&gt;<\/p>\n<\/div>\n<\/div>\n<\/li>\n<li class=\"product-specification-detail__list-line canon-mb-xxs\">\n<div class=\"product-specification-detail__list-key canon-paragraph--big\">Autonomie de la cartouche (papier ordinaire)<\/div>\n<div class=\"product-specification-detail__value-wrapper\">\n<div class=\"product-specification-detail__list-value canon-paragraph--big\">\n<p>Impression de documents\u00a0A4 couleur<br \/>\nNoir\u00a0: 6000\u00a0pages*<br \/>\nCouleur\u00a0: 7000\u00a0pages*<br \/>\n* Autonomie suppl\u00e9mentaire estim\u00e9e<\/p>\n<\/div>\n<\/div>\n<\/li>\n<li class=\"product-specification-detail__list-line canon-mb-xxs\">\n<div class=\"product-specification-detail__list-key canon-paragraph--big\">Autonomie de la cartouche (photo)<\/div>\n<div class=\"product-specification-detail__value-wrapper\">\n<div class=\"product-specification-detail__list-value canon-paragraph--big\">\n<p>Impression photo couleur 10\u00a0\u00d7\u00a015\u00a0cm<br \/>\nCouleur\u00a0: 2000\u00a0photos*<br \/>\n* Autonomie suppl\u00e9mentaire estim\u00e9e<\/p>\n<\/div>\n<\/div>\n<\/li>\n<\/ul>\n<h3 class=\"product-specification-detail__sub-title canon-section-title--small canon-mb-s\">Papiers pris en charge<\/h3>\n<ul class=\"product-specification-detail__list canon-mb-xm\">\n<li class=\"product-specification-detail__list-line canon-mb-xxs\">\n<div class=\"product-specification-detail__list-key canon-paragraph--big\">Types de papiers<\/div>\n<div class=\"product-specification-detail__value-wrapper\">\n<div class=\"product-specification-detail__list-value canon-paragraph--big\">\n<p>Papier ordinaire<br \/>\nPapier Haute R\u00e9solution (HR-101N)<br \/>\nPapier Photo Glac\u00e9 Extra\u00a0II (PP-201)<br \/>\nPapier Photo Pro Lustr\u00e9 (LU-101)<br \/>\nPapier Photo Satin\u00e9 (SG-201)<br \/>\nPapier Photo Glac\u00e9 Standard (GP-501)<br \/>\nPapier Photo Mat (MP-101)<br \/>\nEnveloppe<\/p>\n<\/div>\n<\/div>\n<\/li>\n<li class=\"product-specification-detail__list-line canon-mb-xxs\">\n<div class=\"product-specification-detail__list-key canon-paragraph--big\">Capacit\u00e9 papier maximale en entr\u00e9e<\/div>\n<div class=\"product-specification-detail__value-wrapper\">\n<div class=\"product-specification-detail__list-value canon-paragraph--big\">\n<p>Bac arri\u00e8re\u00a0: max. 100\u00a0feuilles (papier ordinaire)<\/p>\n<\/div>\n<\/div>\n<\/li>\n<li class=\"product-specification-detail__list-line canon-mb-xxs\">\n<div class=\"product-specification-detail__list-key canon-paragraph--big\">Formats de papier<\/div>\n<div class=\"product-specification-detail__value-wrapper\">\n<div class=\"product-specification-detail__list-value canon-paragraph--big\">\n<p>A4, A5, B5, 10\u00a0\u00d7\u00a015\u00a0cm, 13\u00a0\u00d7\u00a018\u00a0cm, 20\u00a0\u00d7\u00a025\u00a0cm, Enveloppes (DL, COM10), Lettre, L\u00e9gal<\/p>\n<\/div>\n<\/div>\n<\/li>\n<li class=\"product-specification-detail__list-line canon-mb-xxs\">\n<div class=\"product-specification-detail__list-key canon-paragraph--big\">Grammages papier<\/div>\n<div class=\"product-specification-detail__value-wrapper\">\n<div class=\"product-specification-detail__list-value canon-paragraph--big\">\n<p>Papier ordinaire\u00a0: 64 \u00e0 105\u00a0g\/m\u00b2<br \/>\nPapier photo Canon\u00a0: jusqu&#8217;\u00e0 275\u00a0g\/m\u00b2<\/p>\n<\/div>\n<\/div>\n<\/li>\n<\/ul>\n<h3 class=\"product-specification-detail__sub-title canon-section-title--small canon-mb-s\">Caract\u00e9ristiques de num\u00e9risation<\/h3>\n<ul class=\"product-specification-detail__list canon-mb-xm\">\n<li class=\"product-specification-detail__list-line canon-mb-xxs\">\n<div class=\"product-specification-detail__list-key canon-paragraph--big\">Type de scanner<\/div>\n<div class=\"product-specification-detail__value-wrapper\">\n<div class=\"product-specification-detail__list-value canon-paragraph--big\">\n<p>Scanner de photos et documents \u00e0 plat avec capteur CIS<\/p>\n<\/div>\n<\/div>\n<\/li>\n<li class=\"product-specification-detail__list-line canon-mb-xxs\">\n<div class=\"product-specification-detail__list-key canon-paragraph--big\">Vitesse de num\u00e9risation<\/div>\n<div class=\"product-specification-detail__value-wrapper\">\n<div class=\"product-specification-detail__list-value canon-paragraph--big\">\n<p>Env. env. 19\u00a0s<\/p>\n<\/div>\n<\/div>\n<\/li>\n<li class=\"product-specification-detail__list-line canon-mb-xxs\">\n<div class=\"product-specification-detail__list-key canon-paragraph--big\">R\u00e9solution (optique) du scanner<\/div>\n<div class=\"product-specification-detail__value-wrapper\">\n<div class=\"product-specification-detail__list-value canon-paragraph--big\">\n<p>600\u00a0x\u00a01200\u00a0ppp<\/p>\n<\/div>\n<\/div>\n<\/li>\n<li class=\"product-specification-detail__list-line canon-mb-xxs\">\n<div class=\"product-specification-detail__list-key canon-paragraph--big\">Profondeur de num\u00e9risation (entr\u00e9e\/sortie)<\/div>\n<div class=\"product-specification-detail__value-wrapper\">\n<div class=\"product-specification-detail__list-value canon-paragraph--big\">\n<p>Couleur\u00a0: 48\u00a0bits\u00a0\/ 24\u00a0bits<br \/>\nNiveaux de gris\u00a0: 16\u00a0bits\u00a0\/ 8\u00a0bits<\/p>\n<\/div>\n<\/div>\n<\/li>\n<li class=\"product-specification-detail__list-line canon-mb-xxs\">\n<div class=\"product-specification-detail__list-key canon-paragraph--big\">Taille de document max.<\/div>\n<div class=\"product-specification-detail__value-wrapper\">\n<div class=\"product-specification-detail__list-value canon-paragraph--big\">\n<p>216\u00a0\u00d7\u00a0297\u00a0mm<\/p>\n<\/div>\n<\/div>\n<\/li>\n<\/ul>\n<h3 class=\"product-specification-detail__sub-title canon-section-title--small canon-mb-s\">Caract\u00e9ristiques du copieur<\/h3>\n<ul class=\"product-specification-detail__list canon-mb-xm\">\n<li class=\"product-specification-detail__list-line canon-mb-xxs\">\n<div class=\"product-specification-detail__list-key canon-paragraph--big\">Vitesse de copie<\/div>\n<div class=\"product-specification-detail__value-wrapper\">\n<div class=\"product-specification-detail__list-value canon-paragraph--big\">\n<p>sFCOT\u00a0: approx. 24\u00a0secondes<br \/>\nsESAT\u00a0: approx. 3,5\u00a0ipm<\/p>\n<\/div>\n<\/div>\n<\/li>\n<li class=\"product-specification-detail__list-line canon-mb-xxs\">\n<div class=\"product-specification-detail__list-key canon-paragraph--big\">Copies multiples<\/div>\n<div class=\"product-specification-detail__value-wrapper\">\n<div class=\"product-specification-detail__list-value canon-paragraph--big\">\n<p>20\u00a0copies (max.)<\/p>\n<\/div>\n<\/div>\n<\/li>\n<li class=\"product-specification-detail__list-line canon-mb-xxs\">\n<div class=\"product-specification-detail__list-key canon-paragraph--big\">Fonctions de copie<\/div>\n<div class=\"product-specification-detail__value-wrapper\">\n<div class=\"product-specification-detail__list-value canon-paragraph--big\">\n<p>Copie de documents (papier ordinaire)<\/p>\n<\/div>\n<\/div>\n<\/li>\n<li class=\"product-specification-detail__list-line canon-mb-xxs\">\n<div class=\"product-specification-detail__list-key canon-paragraph--big\">Zoom de copie<\/div>\n<div class=\"product-specification-detail__value-wrapper\">\n<div class=\"product-specification-detail__list-value canon-paragraph--big\">\n<p>Copie ajust\u00e9e \u00e0 la page<\/p>\n<\/div>\n<\/div>\n<\/li>\n<\/ul>\n<h3 class=\"product-specification-detail__sub-title canon-section-title--small canon-mb-s\">Interface<\/h3>\n<ul class=\"product-specification-detail__list canon-mb-xm\">\n<li class=\"product-specification-detail__list-line canon-mb-xxs\">\n<div class=\"product-specification-detail__list-key canon-paragraph--big\">Type et taille d&#8217;affichage<\/div>\n<div class=\"product-specification-detail__value-wrapper\">\n<div class=\"product-specification-detail__list-value canon-paragraph--big\">\n<p>\u00c9cran LCD (mono segment 1,2\u00a0pouces)<\/p>\n<\/div>\n<\/div>\n<\/li>\n<\/ul>\n<h3 class=\"product-specification-detail__sub-title canon-section-title--small canon-mb-s\">Connectivit\u00e9<\/h3>\n<ul class=\"product-specification-detail__list canon-mb-xm\">\n<li class=\"product-specification-detail__list-line canon-mb-xxs\">\n<div class=\"product-specification-detail__list-key canon-paragraph--big\">Interface standard<\/div>\n<div class=\"product-specification-detail__value-wrapper\">\n<div class=\"product-specification-detail__list-value canon-paragraph--big\">\n<p>USB haute vitesse (port\u00a0B)<br \/>\nWi-Fi\u00a0: IEEE802.11\u00a0b\/g\/n<br \/>\nS\u00e9curit\u00e9 Wi-Fi\u00a0: WPA-PSK, WPA2-PSK, WEP, mot de passe d&#8217;administration<\/p>\n<\/div>\n<\/div>\n<\/li>\n<li class=\"product-specification-detail__list-line canon-mb-xxs\">\n<div class=\"product-specification-detail__list-key canon-paragraph--big\">Applications mobiles<\/div>\n<div class=\"product-specification-detail__value-wrapper\">\n<div class=\"product-specification-detail__list-value canon-paragraph--big\">\n<p>PIXMA Cloud\u00a0Link (depuis un smartphone ou une tablette)<br \/>\nApplication Canon PRINT Inkjet\/SELPHY<br \/>\nMopria (Android)<br \/>\nMode point d&#8217;acc\u00e8s<\/p>\n<\/div>\n<\/div>\n<\/li>\n<\/ul>\n<h3 class=\"product-specification-detail__sub-title canon-section-title--small canon-mb-s\">Logiciel<\/h3>\n<ul class=\"product-specification-detail__list canon-mb-xm\">\n<li class=\"product-specification-detail__list-line canon-mb-xxs\">\n<div class=\"product-specification-detail__list-key canon-paragraph--big\">Syst\u00e8mes d&#8217;exploitation pris en charge<\/div>\n<div class=\"product-specification-detail__value-wrapper\">\n<div class=\"product-specification-detail__list-value canon-paragraph--big\">\n<p>Syst\u00e8me d&#8217;exploitation Chrome<br \/>\nWindows\u00a010, Windows\u00a08.1, Windows\u00a07\u00a0SP1<br \/>\n.NET\u00a0Framework\u00a04.5.2 ou\u00a04.6 est requis<\/p>\n<\/div>\n<\/div>\n<\/li>\n<li class=\"product-specification-detail__list-line canon-mb-xxs\">\n<div class=\"product-specification-detail__list-key canon-paragraph--big\">Syst\u00e8mes d&#8217;exploitation pour mobiles pris en charge<\/div>\n<div class=\"product-specification-detail__value-wrapper\">\n<div class=\"product-specification-detail__list-value canon-paragraph--big\">\n<p>iOS, Android, Windows\u00a010 Mobile<\/p>\n<\/div>\n<\/div>\n<\/li>\n<li class=\"product-specification-detail__list-line canon-mb-xxs\">\n<div class=\"product-specification-detail__list-key canon-paragraph--big\">Configuration minimale requise<\/div>\n<div class=\"product-specification-detail__value-wrapper\">\n<div class=\"product-specification-detail__list-value canon-paragraph--big\">\n<p>Windows\u00a0: espace disque de 3,1\u00a0Go, Internet Explorer\u00a08<br \/>\nAffichage\u00a0: XGA 1024\u00a0\u00d7\u00a0768<\/p>\n<\/div>\n<\/div>\n<\/li>\n<li class=\"product-specification-detail__list-line canon-mb-xxs\">\n<div class=\"product-specification-detail__list-key canon-paragraph--big\">Logiciels inclus<\/div>\n<div class=\"product-specification-detail__value-wrapper\">\n<div class=\"product-specification-detail__list-value canon-paragraph--big\">\n<p>MP\u00a0Driver incluant l&#8217;utilitaire de num\u00e9risation Scanning\u00a0Utility<br \/>\nMy Image Garden avec Full HD Movie Print<br \/>\nQuick Menu<br \/>\nEasy-WebPrint EX (\u00e0 t\u00e9l\u00e9charger)<\/p>\n<\/div>\n<\/div>\n<\/li>\n<\/ul>\n<h3 class=\"product-specification-detail__sub-title canon-section-title--small canon-mb-s\">Caract\u00e9ristiques physiques<\/h3>\n<ul class=\"product-specification-detail__list canon-mb-xm\">\n<li class=\"product-specification-detail__list-line canon-mb-xxs\">\n<div class=\"product-specification-detail__list-key canon-paragraph--big\">Poids<\/div>\n<div class=\"product-specification-detail__value-wrapper\">\n<div class=\"product-specification-detail__list-value canon-paragraph--big\">\n<p>env. 6,3\u00a0kg<\/p>\n<\/div>\n<\/div>\n<\/li>\n<li class=\"product-specification-detail__list-line canon-mb-xxs\">\n<div class=\"product-specification-detail__list-key canon-paragraph--big\">Dimensions (L\u00a0x\u00a0P\u00a0x\u00a0H)<\/div>\n<div class=\"product-specification-detail__value-wrapper\">\n<div class=\"product-specification-detail__list-value canon-paragraph--big\">\n<p>env. 445\u00a0\u00d7\u00a0330\u00a0\u00d7\u00a0163\u00a0mm<\/p>\n<\/div>\n<\/div>\n<\/li>\n<li class=\"product-specification-detail__list-line canon-mb-xxs\">\n<div class=\"product-specification-detail__list-key canon-paragraph--big\">Niveaux sonores<\/div>\n<div class=\"product-specification-detail__value-wrapper\">\n<div class=\"product-specification-detail__list-value canon-paragraph--big\">\n<p>env. 53,5\u00a0dB(A)<\/p>\n<\/div>\n<\/div>\n<\/li>\n<li class=\"product-specification-detail__list-line canon-mb-xxs\">\n<div class=\"product-specification-detail__list-key canon-paragraph--big\">Alimentation<\/div>\n<div class=\"product-specification-detail__value-wrapper\">\n<div class=\"product-specification-detail__list-value canon-paragraph--big\">\n<p>Courant alternatif\u00a0: 100 \u00e0 240\u00a0V, 50\/60\u00a0Hz<\/p>\n<\/div>\n<\/div>\n<\/li>\n<li class=\"product-specification-detail__list-line canon-mb-xxs\">\n<div class=\"product-specification-detail__list-key canon-paragraph--big\">Consommation<\/div>\n<div class=\"product-specification-detail__value-wrapper\">\n<div class=\"product-specification-detail__list-value canon-paragraph--big\">\n<p>Hors tension\u00a0: env. 0,2\u00a0W<br \/>\nVeille (reli\u00e9 \u00e0 l&#8217;ordinateur en Wi-Fi)\u00a0: environ 1,2\u00a0W (lampe de num\u00e9risation \u00e9teinte)<br \/>\nVeille (tous les ports connect\u00e9s)\u00a0: env. 1,2\u00a0W (lampe de num\u00e9risation \u00e9teinte)<br \/>\nD\u00e9lai de passage en mode de veille\u00a0: 10\u00a0minutes 50\u00a0s<br \/>\nCopie\u00a0: approx. 11\u00a0W<\/p>\n<\/div>\n<\/div>\n<\/li>\n<\/ul>\n","protected":false},"excerpt":{"rendered":"<ul>\n<li class=\"product-feature__item-feature\">Rendement \u00e9lev\u00e9<\/li>\n<li class=\"product-feature__item-feature\">R\u00e9servoirs d&#8217;encre int\u00e9gr\u00e9s<\/li>\n<li class=\"product-feature__item-feature\">Syst\u00e8me d&#8217;encre hybride<\/li>\n<li class=\"product-feature__item-feature\">Wi-Fi<\/li>\n<li class=\"product-feature__item-feature\">Application Canon PRINT (pour t\u00e9l\u00e9phone)<\/li>\n<li class=\"product-feature__item-feature\">PIXMA Cloud Link<\/li>\n<li class=\"product-feature__item-feature\">Impression sans marge<\/li>\n<li class=\"product-feature__item-feature\">\u00c9cran LCD 1,2\u201d<\/li>\n<\/ul>\n","protected":false},"featured_media":5754,"template":"","meta":{"_acf_changed":false},"product_cat":[230],"product_tag":[242],"class_list":{"0":"post-5753","1":"product","2":"type-product","3":"status-publish","4":"has-post-thumbnail","6":"product_cat-imprimantes-canon-jet-dencre","7":"product_tag-jet-dencre","9":"first","10":"instock","11":"taxable","12":"shipping-taxable","13":"purchasable","14":"product-type-simple"},"acf":[],"_links":{"self":[{"href":"https:\/\/cartouche.ci\/index.php\/wp-json\/wp\/v2\/product\/5753","targetHints":{"allow":["GET"]}}],"collection":[{"href":"https:\/\/cartouche.ci\/index.php\/wp-json\/wp\/v2\/product"}],"about":[{"href":"https:\/\/cartouche.ci\/index.php\/wp-json\/wp\/v2\/types\/product"}],"wp:featuredmedia":[{"embeddable":true,"href":"https:\/\/cartouche.ci\/index.php\/wp-json\/wp\/v2\/media\/5754"}],"wp:attachment":[{"href":"https:\/\/cartouche.ci\/index.php\/wp-json\/wp\/v2\/media?parent=5753"}],"wp:term":[{"taxonomy":"product_cat","embeddable":true,"href":"https:\/\/cartouche.ci\/index.php\/wp-json\/wp\/v2\/product_cat?post=5753"},{"taxonomy":"product_tag","embeddable":true,"href":"https:\/\/cartouche.ci\/index.php\/wp-json\/wp\/v2\/product_tag?post=5753"}],"curies":[{"name":"wp","href":"https:\/\/api.w.org\/{rel}","templated":true}]}}