{"id":5855,"date":"2025-04-15T15:20:15","date_gmt":"2025-04-15T15:20:15","guid":{"rendered":"https:\/\/cartouche.ci\/?post_type=product&#038;p=5855"},"modified":"2025-05-08T09:43:05","modified_gmt":"2025-05-08T09:43:05","slug":"epson-tm-t20x-51","status":"publish","type":"product","link":"https:\/\/cartouche.ci\/index.php\/product\/epson-tm-t20x-51\/","title":{"rendered":"Epson TM-T20X-51"},"content":{"rendered":"<div class=\"tab-panel__section tab-panel__section--full-width js-tab-panel-section\" data-section=\"overview\" data-sticky-header-anchor=\"overview\">\n<div class=\"tab-panel__section-inner\">\n<div class=\"tab-panel__section-content\">\n<div class=\"product-overview\">\n<div class=\"product-overview-section\">\n<h2 class=\"product-overview_heading_section\">Pr\u00e9sentation g\u00e9n\u00e9rale<\/h2>\n<div class=\"product-overview__introText--neon\">Sa rapidit\u00e9 d\u2019impression, sa grande fiabilit\u00e9 et son fonctionnement \u00e9conomique en font une imprimante id\u00e9ale pour les commerces de petite taille et sp\u00e9cialis\u00e9s, l\u2019h\u00f4tellerie et les supermarch\u00e9s.<\/div>\n<div class=\"product-overview__section\">\n<div class=\"product-overview__section-content\">\n<div class=\"product-overview__description product-overview__description--neon\">\n<div class=\"\u201ddescrip-cols\u201d\">\n<div class=\"\u201dparagraph1\u201d\">\n<h4>Abordable<\/h4>\n<p>Facile \u00e0 utiliser, cette imprimante de tickets d\u2019entr\u00e9e de gamme dispose d\u2019une largeur d\u2019impression de 80\u00a0mm. La fonction de r\u00e9duction de papier automatique r\u00e9duit les marges sup\u00e9rieure et inf\u00e9rieure, le saut de ligne et la hauteur des codes-barres, pour plus de flexibilit\u00e9. Elle permet \u00e9galement de surveiller et de contr\u00f4ler la quantit\u00e9 de papier utilis\u00e9e. Les co\u00fbts de papier sont minimis\u00e9s par l\u2019impression du logo sup\u00e9rieur du ticket suivant avant la coupe du ticket en cours, de sorte que la marge sup\u00e9rieure est encore r\u00e9duite de 12\u00a0mm.<\/p>\n<\/div>\n<div class=\"\u201dparagraph2\u201d\">\n<h4>Fiable<\/h4>\n<p>Avec un temps moyen de bon fonctionnement sans intervention (MTBF) de 360\u00a0000\u00a0heures et une dur\u00e9e de vie de 15\u00a0millions de lignes, vous pouvez compter sur la TM-T20X dans les environnements \u00e0 volume d\u2019impression \u00e9lev\u00e9.<\/p>\n<\/div>\n<div class=\"\u201dparagraph3\u201d\">\n<h4>Flexible<\/h4>\n<p>La TM-T20X est \u00e9quip\u00e9e d\u2019interfaces USB + s\u00e9rie et Ethernet int\u00e9gr\u00e9es. Avec USB + s\u00e9rie et Ethernet, ce mod\u00e8le est donc un investissement \u00e0 long terme.<\/p>\n<\/div>\n<div class=\"\u201dparagraph4\u201d\">\n<h4>Rapide<\/h4>\n<p>La vitesse d\u2019impression de 200 mm\/s vous permet de gagner du temps, ce qui est parfait pour \u00e9viter les longues files d\u2019attente. Son prix d\u2019achat et ses co\u00fbts de fonctionnement comp\u00e9titifs vous permettent de faire des \u00e9conomies.<\/p>\n<\/div>\n<\/div>\n<\/div>\n<\/div>\n<\/div>\n<\/div>\n<\/div>\n<\/div>\n<\/div>\n<\/div>\n","protected":false},"excerpt":{"rendered":"<h4 class=\"buy-box__headline\">Imprimante de tickets POS<\/h4>\n<div class=\"buy-box__key-features\">\n<div class=\"blockdown description\">\n<ul class=\"features\">\n<li><strong>\u00c9conomique<\/strong>\u00a0Fonction de r\u00e9duction de papier automatique<\/li>\n<li><strong>Fiable<\/strong>\u00a0Dur\u00e9e de vie du m\u00e9canisme\u00a0: 15\u00a0millions de lignes<\/li>\n<li><strong>Grande vitesse d\u2019impression<\/strong>\u00a0Vitesse d\u2019impression de 200\u00a0mm\/s<\/li>\n<li><strong>Connectivit\u00e9 flexible<\/strong>\u00a0USB + s\u00e9rie et Ethernet<\/li>\n<li><strong>Tranquillit\u00e9 d\u2019esprit<\/strong>\u00a0Epson est le premier fabricant d\u2019imprimantes POS en Europe<\/li>\n<\/ul>\n<\/div>\n<\/div>\n","protected":false},"featured_media":5857,"template":"","meta":{"_acf_changed":false},"product_cat":[285,247],"product_tag":[284],"class_list":{"0":"post-5855","1":"product","2":"type-product","3":"status-publish","4":"has-post-thumbnail","6":"product_cat-imprimante-de-caisse","7":"product_cat-canon-laser","8":"product_tag-imprimante-de-caisse","10":"first","11":"instock","12":"taxable","13":"shipping-taxable","14":"purchasable","15":"product-type-simple"},"acf":[],"_links":{"self":[{"href":"https:\/\/cartouche.ci\/index.php\/wp-json\/wp\/v2\/product\/5855","targetHints":{"allow":["GET"]}}],"collection":[{"href":"https:\/\/cartouche.ci\/index.php\/wp-json\/wp\/v2\/product"}],"about":[{"href":"https:\/\/cartouche.ci\/index.php\/wp-json\/wp\/v2\/types\/product"}],"wp:featuredmedia":[{"embeddable":true,"href":"https:\/\/cartouche.ci\/index.php\/wp-json\/wp\/v2\/media\/5857"}],"wp:attachment":[{"href":"https:\/\/cartouche.ci\/index.php\/wp-json\/wp\/v2\/media?parent=5855"}],"wp:term":[{"taxonomy":"product_cat","embeddable":true,"href":"https:\/\/cartouche.ci\/index.php\/wp-json\/wp\/v2\/product_cat?post=5855"},{"taxonomy":"product_tag","embeddable":true,"href":"https:\/\/cartouche.ci\/index.php\/wp-json\/wp\/v2\/product_tag?post=5855"}],"curies":[{"name":"wp","href":"https:\/\/api.w.org\/{rel}","templated":true}]}}