{"id":6015,"date":"2025-05-10T10:06:34","date_gmt":"2025-05-10T10:06:34","guid":{"rendered":"https:\/\/cartouche.ci\/?post_type=product&#038;p=6015"},"modified":"2025-05-11T10:29:24","modified_gmt":"2025-05-11T10:29:24","slug":"hp-desktop-pro-tower-400-g9","status":"publish","type":"product","link":"https:\/\/cartouche.ci\/index.php\/product\/hp-desktop-pro-tower-400-g9\/","title":{"rendered":"HP Desktop Pro Tower 400 G9"},"content":{"rendered":"<div class=\"subspec_mainnode\"><span class=\"clean-specs-module--sub-title\"><strong>Syst\u00e8me d&#8217;exploitation<\/strong> : DOS<\/span><\/div>\n<div class=\"clean-specs-module--separator\">\n<hr \/>\n<\/div>\n<div class=\"subspec_mainnode\"><span class=\"clean-specs-module--sub-title\"><strong>Famille de processeurs<\/strong> : <\/span><span class=\"clean-specs-module--sub-content\">Processeur Intel\u00ae Core\u2122 i5 de 13e g\u00e9n\u00e9ration<\/span><\/div>\n<div>\n<hr \/>\n<\/div>\n<div class=\"subspec_mainnode\"><strong><span class=\"clean-specs-module--sub-title\">Processeurs<\/span><\/strong><\/div>\n<div class=\"subspec_mainnode\"><span class=\"clean-specs-module--sub-content\">Intel\u00ae Core\u2122 i5-13500 <\/span><\/div>\n<div class=\"subspec_mainnode\"><span class=\"clean-specs-module--sub-content\">(jusqu\u2019\u00e0 4,8 GHz avec la technologie Intel\u00ae Turbo Boost, 24 Mo de m\u00e9moire cache L3, 14 c\u0153urs, 20 threads)<\/span><\/div>\n<div>\n<hr \/>\n<\/div>\n<div class=\"subspec_mainnode\"><strong><span class=\"clean-specs-module--sub-title\">Chipset : <\/span><\/strong><span class=\"clean-specs-module--sub-content\">Intel\u00ae Q670<\/span><\/div>\n<div>\n<hr \/>\n<\/div>\n<div>\n<div class=\"subspec_mainnode\"><strong><span class=\"clean-specs-module--sub-title\">Emplacement de port d&#8217;E\/S <\/span><\/strong><\/div>\n<div class=\"subspec_mainnode\"><span class=\"clean-specs-module--sub-content\">Avant<\/span><\/div>\n<div class=\"subspec_mainnode\"><strong><span class=\"clean-specs-module--sub-title\">Ports<\/span><\/strong><\/div>\n<div class=\"subspec_mainnode\"><span class=\"clean-specs-module--sub-content\">1 prise combin\u00e9e casque\/microphone<br \/>\n1 port USB Type-C\u00ae SuperSpeed, vitesse de transfert de 10 Gbit\/s<br \/>\n3 ports USB Type-A SuperSpeed, vitesse de transfert de 10 Gbit\/s<\/span><\/div>\n<div class=\"subspec_mainnode\"><strong><span class=\"clean-specs-module--sub-title\">Emplacement de port d&#8217;E\/S<\/span><\/strong><\/div>\n<div class=\"subspec_mainnode\"><span class=\"clean-specs-module--sub-content\">Arri\u00e8re<\/span><\/div>\n<div class=\"subspec_mainnode\"><strong><span class=\"clean-specs-module--sub-title\">Ports<\/span><\/strong><\/div>\n<div class=\"subspec_mainnode\"><span class=\"clean-specs-module--sub-content\">1\u00a0sortie audio<br \/>\n1\u00a0prise d\u2019alimentation<br \/>\n1\u00a0port RJ-45<br \/>\n1\u00a0port HDMI 1.4<br \/>\n3\u00a0ports USB Type-A SuperSpeed, vitesse de transfert de 5\u00a0Gbit\/s<br \/>\n1\u00a0port DisplayPort\u2122 1.4<br \/>\n2\u00a0ports USB Type-A, vitesse de transfert de 480\u00a0Mbit\/s<\/span><\/div>\n<div class=\"subspec_mainnode\"><strong><span class=\"clean-specs-module--sub-title\">Ports<\/span><\/strong><\/div>\n<div class=\"subspec_mainnode\"><span class=\"clean-specs-module--sub-content\">1 port DisplayPort\u2122<\/span><\/div>\n<div class=\"subspec_mainnode\"><strong><span class=\"clean-specs-module--sub-title\">Logements d&#8217;extension<\/span><\/strong><\/div>\n<div class=\"subspec_mainnode\"><span class=\"clean-specs-module--sub-content\">1 logement M.2 2230<br \/>\n1 logement M.2 2280<br \/>\n1 logement PCIe x1<br \/>\n1 port PCI<br \/>\n1 logement PCIe 4 x16<\/span><\/div>\n<div class=\"subspec_mainnode\"><strong><span class=\"clean-specs-module--sub-title\">Notice relative aux logements d&#8217;extension<\/span><\/strong><\/div>\n<div class=\"subspec_mainnode\"><span class=\"clean-specs-module--sub-content\">1\u00a0emplacement M.2 2230 pour WLAN et <\/span><\/div>\n<div class=\"subspec_mainnode\"><span class=\"clean-specs-module--sub-content\">1\u00a0emplacement M.2 2280 pour le stockage.<\/span><\/div>\n<div>\n<hr \/>\n<\/div>\n<div><strong><span class=\"clean-specs-module--sub-title\">Alimentation<\/span><\/strong><\/div>\n<div><span class=\"clean-specs-module--sub-content\">Adaptateur d\u2019alimentation interne 260 W, <\/span><\/div>\n<div><span class=\"clean-specs-module--sub-content\">jusqu\u2019\u00e0 92 % de rendement, PFC actif<\/span><\/div>\n<hr \/>\n<\/div>\n","protected":false},"excerpt":{"rendered":"<ul class=\"ConfigurationsList-module_list__na0NO\" data-test-hook=\"@hpstellar\/pdp\/configurations__list\">\n<li class=\"ConfigurationsList-module_withLabel__rBh-1\"><strong><span class=\"Typography-module_root__eQwd4 Typography-module_boldS__8LJL5 ConfigurationsList-module_listLabel__2mw-- Typography-module_responsive__iddT7 Typography-module_isCaps__nxSmf\" data-test-hook=\"@hpstellar\/core\/typography\">Syst\u00e8me d&#8217;exploitation :\u00a0<\/span><\/strong><span class=\"Typography-module_root__eQwd4 Typography-module_boldS__8LJL5 ConfigurationsList-module_listLabel__2mw-- Typography-module_responsive__iddT7 Typography-module_isCaps__nxSmf\" data-test-hook=\"@hpstellar\/core\/typography\">DOS<\/span><\/li>\n<li class=\"ConfigurationsList-module_withLabel__rBh-1\"><span class=\"Typography-module_root__eQwd4 Typography-module_boldS__8LJL5 ConfigurationsList-module_listLabel__2mw-- Typography-module_responsive__iddT7 Typography-module_isCaps__nxSmf\" data-test-hook=\"@hpstellar\/core\/typography\"><strong>Processeur<\/strong> : <\/span><span class=\"Typography-module_root__eQwd4 Typography-module_bodyS__DBLtm Typography-module_responsive__iddT7\" data-test-hook=\"@hpstellar\/core\/typography\">Intel\u00ae Core\u2122 i5 13500 (13\u00e8me g\u00e9n\u00e9ration)<\/span><\/li>\n<li class=\"ConfigurationsList-module_withLabel__rBh-1\"><span class=\"Typography-module_root__eQwd4 Typography-module_boldS__8LJL5 ConfigurationsList-module_listLabel__2mw-- Typography-module_responsive__iddT7 Typography-module_isCaps__nxSmf\" data-test-hook=\"@hpstellar\/core\/typography\"><strong>M\u00e9moire<\/strong> : <\/span><span class=\"Typography-module_root__eQwd4 Typography-module_bodyS__DBLtm Typography-module_responsive__iddT7\" data-test-hook=\"@hpstellar\/core\/typography\">16 Go RAM<\/span><\/li>\n<li class=\"ConfigurationsList-module_withLabel__rBh-1\"><span class=\"Typography-module_root__eQwd4 Typography-module_boldS__8LJL5 ConfigurationsList-module_listLabel__2mw-- Typography-module_responsive__iddT7 Typography-module_isCaps__nxSmf\" data-test-hook=\"@hpstellar\/core\/typography\"><strong>Stockage<\/strong> : <\/span><span class=\"Typography-module_root__eQwd4 Typography-module_bodyS__DBLtm Typography-module_responsive__iddT7\" data-test-hook=\"@hpstellar\/core\/typography\">512 Go Disque SSD<\/span><\/li>\n<li class=\"ConfigurationsList-module_withLabel__rBh-1\"><span class=\"Typography-module_root__eQwd4 Typography-module_boldS__8LJL5 ConfigurationsList-module_listLabel__2mw-- Typography-module_responsive__iddT7 Typography-module_isCaps__nxSmf\" data-test-hook=\"@hpstellar\/core\/typography\"><strong>Carte graphique<\/strong> : <\/span><span class=\"Typography-module_root__eQwd4 Typography-module_bodyS__DBLtm Typography-module_responsive__iddT7\" data-test-hook=\"@hpstellar\/core\/typography\">Carte graphique Intel\u00ae UHD 770<\/span><\/li>\n<li class=\"ConfigurationsList-module_withLabel__rBh-1\"><span class=\"Typography-module_root__eQwd4 Typography-module_boldS__8LJL5 ConfigurationsList-module_listLabel__2mw-- Typography-module_responsive__iddT7 Typography-module_isCaps__nxSmf\" data-test-hook=\"@hpstellar\/core\/typography\"><strong>Inclus<\/strong> : <\/span><span class=\"Typography-module_root__eQwd4 Typography-module_bodyS__DBLtm Typography-module_responsive__iddT7\" data-test-hook=\"@hpstellar\/core\/typography\">Clavier filaire HP 125 &amp; Souris filaire HP 125<\/span><\/li>\n<\/ul>\n","protected":false},"featured_media":6016,"template":"","meta":{"_acf_changed":false},"product_cat":[253],"product_tag":[295],"class_list":{"0":"post-6015","1":"product","2":"type-product","3":"status-publish","4":"has-post-thumbnail","6":"product_cat-bureau-i5","7":"product_tag-desktop","9":"first","10":"instock","11":"sale","12":"taxable","13":"shipping-taxable","14":"purchasable","15":"product-type-simple"},"acf":[],"_links":{"self":[{"href":"https:\/\/cartouche.ci\/index.php\/wp-json\/wp\/v2\/product\/6015","targetHints":{"allow":["GET"]}}],"collection":[{"href":"https:\/\/cartouche.ci\/index.php\/wp-json\/wp\/v2\/product"}],"about":[{"href":"https:\/\/cartouche.ci\/index.php\/wp-json\/wp\/v2\/types\/product"}],"wp:featuredmedia":[{"embeddable":true,"href":"https:\/\/cartouche.ci\/index.php\/wp-json\/wp\/v2\/media\/6016"}],"wp:attachment":[{"href":"https:\/\/cartouche.ci\/index.php\/wp-json\/wp\/v2\/media?parent=6015"}],"wp:term":[{"taxonomy":"product_cat","embeddable":true,"href":"https:\/\/cartouche.ci\/index.php\/wp-json\/wp\/v2\/product_cat?post=6015"},{"taxonomy":"product_tag","embeddable":true,"href":"https:\/\/cartouche.ci\/index.php\/wp-json\/wp\/v2\/product_tag?post=6015"}],"curies":[{"name":"wp","href":"https:\/\/api.w.org\/{rel}","templated":true}]}}